by f.
0
Let n(l) = l**3 - 22*l**2 - 12*l - 17. Calculate the remainder when n(23) is divided by 14.
12
Let b be (-76)/(-18) + (-10)/45. Suppose b*r - t - 97 = 0, -r - t - 74 = -4*r. Calculate the remainder when (-4)/(-6)*1*1017/6 is divided by r.
21
Let j(n) = -76*n + 401. Calculate the remainder when 1006 is divided by j(5).
19
Let w = -745 - -487. Let z = w - -369. Calculate the remainder when z is divided by 38.
35
What is the remainder when (-8)/(-10) - (28344/(-10))/12 is divided by 62?
51
Let i = -4 - 0. Suppose 8*d - 60 = 3*d - 4*x, 4*d - 5*x - 7 = 0. Calculate the remainder when (-2)/d*-4 - i is divided by 2.
1
Let p(o) = -o**3 + 9*o**2 + 4*o - 4. Let z be p(9). Suppose 3*q - q + z = 5*s, -q - 18 = -3*s. Calculate the remainder when (-2 + q/(-4))*-6 is divided by 3.
0
Let m(x) = -x**2 + 7*x + 2. What is the remainder when 4/(-1) + 378/9 is divided by m(6)?
6
Suppose 0 = 31*o - 33*o + 54. What is the remainder when 211 is divided by o?
22
Let l(s) = -s**2 + 11*s - 12. Let z be l(11). Let w be (-6)/(-4) - (-3258)/z. What is the remainder when 26 is divided by w/(-20) + (-2)/(-4)?
12
Suppose 4*w + 16 = 196. Calculate the remainder when w is divided by 29.
16
Let m = -3662 - -3681. What is the remainder when (-1)/(4/(-134))*2 is divided by m?
10
Let v(f) = -f**3 + 4*f**2 + 14*f - 9. Let k be v(6). Suppose -174 - 90 = -k*g. Calculate the remainder when g is divided by 18.
16
Let i = -43 - -101. Calculate the remainder when i is divided by 49.
9
Let g = 22 + 4. Calculate the remainder when g is divided by 102/25 - (-92)/(-1150).
2
Let v = 620 - 590. Calculate the remainder when 83 is divided by v.
23
Let t(c) = -6*c**2 - 9*c + 3. Let u(w) = 3*w**2 + 5*w - 1. Let v(p) = 3*t(p) + 7*u(p). Calculate the remainder when v(-4) is divided by 4.
2
Suppose 17*x = 36*x - 3135. Calculate the remainder when x is divided by 14.
11
Let a(j) = 2*j**3 + 4*j**2 + j - 4. Let r be a(-3). Let i = 35 + r. What is the remainder when (15/(-6))/((-1)/i) is divided by 14?
11
Let c be (28/(-7))/(1*2). Suppose 0 = 3*h - 2*p - 103, 0 = 7*h - 3*h + 3*p - 109. What is the remainder when h is divided by 1/((-1)/c) + 6?
7
Let m be (-40 - 0)*((-12)/5)/3. Suppose 4*f - 5*f = -m. What is the remainder when f is divided by 21?
11
Suppose 0 = 49*s - 2057 + 342. What is the remainder when 113 is divided by s?
8
Let d = 32 - 36. Calculate the remainder when (-330)/d*((-114)/18 + 7) is divided by 29.
26
Let y = -25 + 66. What is the remainder when y is divided by (14 - -9)/(-2 - -3)?
18
Suppose c = 3*c - 4*d - 138, -2*c + 123 = -d. Calculate the remainder when c is divided by 15.
14
Let u = 2017 + -1974. Calculate the remainder when 169 is divided by u.
40
Let r(i) = i**3 - 11*i**2 + 7*i + 6. Let a be r(10). Let y = 3 - a. Suppose 66 = 8*s - 3*s - 2*g, 2*g = -2*s + 32. What is the remainder when y is divided by s?
13
Suppose 2*g = 5*c - 571, 0 = -9*c + 13*c + 4*g - 468. What is the remainder when c is divided by 15?
10
Suppose 7*y = -6*y + 26. Suppose -p - f = y*p - 494, 4*f - 656 = -4*p. What is the remainder when p is divided by 28?
25
Suppose 0*y = -6*y - 72. What is the remainder when 36 is divided by 3/y + (-61)/(-4) + -2?
10
Suppose -a = -2*i - 506, 0*i + a = -5*i - 1279. Calculate the remainder when 4 + i/(-5) + -3 is divided by 9.
7
Let i(k) = k**2 - 3*k - 18. Calculate the remainder when 176 is divided by i(9).
32
Calculate the remainder when 333 is divided by ((-2)/(-4))/(68/952).
4
Suppose 7 = 4*i - t - 0*t, 26 = 2*i + 4*t. Calculate the remainder when 41 is divided by 17 + ((-9)/1)/i.
13
Suppose -11*q - 15 = -6*q. Let x be (1 - -13) + q + 3. Calculate the remainder when 12 is divided by x*4/(-40)*-5.
5
Let d = 15 - 4. Suppose 0*k - k + 27 = 5*b, -2*b = -5*k + 27. Calculate the remainder when d is divided by k.
4
Let s be 3 + -1*20/(-4). Suppose -6*u - 36 = -s*u. Calculate the remainder when 89 is divided by u.
17
Let y = 186 + -165. Calculate the remainder when 102 is divided by y.
18
Let n = 14 + -11. Let b(u) = -u**3 + 4*u**2 - 2. Suppose -3*h = -4*v + 2*h + 65, 5*v - 115 = -5*h. Calculate the remainder when v is divided by b(n).
6
Suppose -i + 3*d = -0*d + 27, 2*d - 46 = 3*i. Calculate the remainder when 97 is divided by ((-189)/81)/(2/i).
13
Let m = 2422 + -1856. Calculate the remainder when m is divided by 21.
20
Suppose 7*i = -19*i + 20540. What is the remainder when i is divided by 72?
70
Let b(s) = 13*s**2 + 4*s + 7. Let y be b(-5). Suppose i = 2*f - 196, 2*f - 4*i + 116 = y. What is the remainder when f is divided by 34?
30
Suppose 27*a - 22*a = -4*k + 33, -6 = -a - k. Calculate the remainder when 159 is divided by a.
6
Let c be 4 - (4 - (3 - 0)). Calculate the remainder when 61 is divided by (c + 8/((-12)/3))*7.
5
Suppose 0 = 109*n - 98*n - 198. Let b = -77 + 129. Calculate the remainder when b is divided by n.
16
Let v = 1234 + -1138. What is the remainder when 762 is divided by v?
90
Let c be -3 - (6/3)/(-2). Let z be (-20)/5 + c/(-2). Let d = 17 + z. What is the remainder when 25 is divided by d?
11
Suppose o + 0*i - 55 = 5*i, -2*o = 2*i - 50. Let h = 144 + -128. Calculate the remainder when o is divided by h.
14
Let k = -6720 - -6854. Suppose -64 = -2*o - 3*q + 7*q, 0 = 3*o + 2*q - 104. What is the remainder when k is divided by o?
32
Let u(n) = 2*n**2 - 4*n - 26. What is the remainder when 21 is divided by u(5)?
1
Let h(x) = -x**3 - 7*x**2 - 5*x + 8. Let c be h(-6). What is the remainder when 34 is divided by ((-1)/c)/((-22)/528)?
10
Let n(q) = 1 + 2*q**3 - q + q**3 + q**2 - 4*q**3 + 3*q. Calculate the remainder when 34 is divided by n(-2).
7
Calculate the remainder when 71 is divided by ((-1)/(-3))/((-5)/(-600)).
31
Suppose 4*f - 3*f = 86. Suppose 5*b - 14 = f. What is the remainder when 118 is divided by b?
18
Let p = -237 + 234. Let n = -13 - -5. What is the remainder when 38 is divided by (-81)/n + p/24?
8
Let h(l) = -24*l + 1. Let y be h(-1). Suppose y = -5*x + 115. Calculate the remainder when x is divided by 10.
8
Let s(v) = 3*v + 28. Calculate the remainder when 110 is divided by s(-4).
14
Let y(v) = 5*v**2 + v - 1. Let b be y(1). Let q = 5 + b. What is the remainder when 19 is divided by q?
9
Let w(d) = -d**3 + 47*d**2 - 41*d - 213. Suppose -251 = -5*r + 4*n, 0 = -2*n + 2 - 10. Calculate the remainder when r is divided by w(46).
13
Let b(y) = -2*y + 131. Calculate the remainder when 209 is divided by b(13).
104
Let y(k) = 11*k + 2. Let m be y(2). Suppose m + 16 = 5*r. Calculate the remainder when 1*23 - (3 + -3) is divided by r.
7
Let v = -22 - -36. Suppose 5*o - 676 = -f, 0*o + 2*o = -2*f + 272. Suppose -5*i + o = -0*i. What is the remainder when i is divided by v?
13
What is the remainder when -214*(4 + 45/(-10)) is divided by 28?
23
Let r(d) = -4*d**3 + 61*d**2 - 5*d - 45. Calculate the remainder when 131 is divided by r(15).
26
Suppose 0 = -14*j + 415 + 33. What is the remainder when 112 is divided by j?
16
Let u = -8 - -98. Let r = u + -24. Calculate the remainder when r is divided by 23.
20
Suppose -3*m - 4*t + 39 - 28 = 0, -t = -3*m + 1. Calculate the remainder when m is divided by 1.
0
Let v(n) = n + 7. Let a be ((-11)/2 - -5)/(1/(-4)). What is the remainder when 130/15 + 20/(-12) + a is divided by v(-5)?
1
Suppose -10 = j - 40. Let y be (-274)/(-30) + (-4)/j. Suppose -5*i = -4*b - 18, -b - y = -4*b. Calculate the remainder when i is divided by 5.
1
Let i = -146 + 190. What is the remainder when i is divided by 32?
12
Let m(a) = -24*a + 25. What is the remainder when m(-3) is divided by 22?
9
Suppose 73 + 44 = b. What is the remainder when b is divided by 15?
12
Let v = -74 - -72. Calculate the remainder when 27 is divided by (-25)/15*(v + 8/(-5)).
3
Suppose -38 + 202 = 2*x. What is the remainder when x is divided by 78/(-143) - ((-1920)/(-22))/(-6)?
12
Let f be 1/(-2)*(-10)/(-15)*-24. Suppose f = -2*d + 84. What is the remainder when d is divided by 21?
17
Let r(w) = -19*w - 2. Let f(g) = g**3 - 24*g**2 + 25*g - 40. Calculate the remainder when r(-1) is divided by f(23).
5
Suppose -z - 28 = -3*z. Suppose 5*q = -3*f - 9, -5*f + f + 2*q + z = 0. Suppose -f*r - r + 21 = 0. Calculate the remainder when 25 is divided by r.
4
Let y(x) = -x**2 - 8*x - 2*x**2 - x**3 + x**2 - 6 + 0. What is the remainder when y(-4) is divided by (40/6)/((-2)